ainder when 437 is divided by f?
19
Suppose -2*n - 5*f = -257, 16*f - 12*f = -n + 133. What is the remainder when 791 is divided by n?
65
Suppose 5 + 4 = n. Let y(h) = -3*h**3 + 6*h**2 - 3*h - 6. Let i be y(-3). Suppose 0 = n*f - i - 375. Calculate the remainder when f is divided by 16.
9
Suppose 7*g - 24*o + 22*o - 1527 = 0, 5*g - 1089 = o. Calculate the remainder when 748 is divided by g.
97
Let d(r) = 301*r - 3393. What is the remainder when d(14) is divided by 53?
26
Suppose 2*d + 26*s = 23*s + 8, 0 = -4*d - 4*s + 20. What is the remainder when (216/16)/(2/20) is divided by d?
2
What is the remainder when 52 is divided by (-10)/12*(-8 + 9)*-18?
7
Suppose 3*u - 858 = -2*f + 510, -3*u = -f - 1359. What is the remainder when u is divided by 130/(23*22/253)?
64
Let c = -401 + 402. Calculate the remainder when 1/4*(-2 - (-102)/c) is divided by 14.
11
Let v(g) = -g**2 + 4*g + 5. Let l be v(6). Let i(f) = -f**2 - 5*f + 22. Let j be i(l). Calculate the remainder when 5 is divided by 80/32*j/10.
1
Let k = 24 - -351. What is the remainder when k is divided by 249?
126
Let i(z) = 32*z + 144. Let k = 180 + -162. Calculate the remainder when i(k) is divided by 19.
17
Suppose 2*n + 4*n - 438 = 0. Calculate the remainder when n is divided by ((-1)/2)/((-4)/120).
13
Let x(l) = 11*l - 803. Calculate the remainder when x(112) is divided by 48.
45
Suppose -3*u = 2*n - 17, -2*n + 6 = 5*u - 17. Suppose 514*b - 2004 - 8053 = 737. What is the remainder when b is divided by u?
0
Suppose -4*u - 4*q = -244, 5*u - 3*q = 2*u + 195. Calculate the remainder when u is divided by 10/20*-16 - (-55 - 6).
10
Suppose 32 = -2*z - 5*y + 11, 5*z + 3*y = -5. Calculate the remainder when 986 is divided by (z/(-5))/(14/1995*-3).
17
Let t = 2642 + -2631. Let r be ((-12)/(-2)*-1)/(-1). Calculate the remainder when 2/6 - (-376)/r is divided by t.
8
Let l be (-35)/(-4 + -3) + 0. Suppose 20 = -5*d, -l*d - 651 + 19 = -4*n. What is the remainder when n is divided by 77?
76
Let m = 8330 + -8290. Suppose -3*d + 4*a + 754 = -219, -4*a = -5*d + 1611. Calculate the remainder when d is divided by m.
39
Suppose 2*s - 166 = -0*s. Calculate the remainder when s is divided by (-3)/2*(18 - (-1496)/(-51)).
15
Let z(d) be the third derivative of -d**5/60 + 13*d**4/24 - 19*d**3/6 + 105*d**2. What is the remainder when 87 is divided by z(7)?
18
Let m(h) be the second derivative of -4*h**3/3 - 103*h**2/2 - 32*h. Calculate the remainder when m(-16) is divided by 7.
4
Suppose -4*h - 3*r = -17, -h = 5*r - 19 + 2. Suppose -2*y + 5*y - 5*z - 55 = 0, -h*z = 10. What is the remainder when 58 is divided by y?
8
Suppose 8*d = 86 - 78. Suppose 4*r = 9 - d, 3*r = 5*o - 79. What is the remainder when 32 is divided by o?
15
What is the remainder when 1580 is divided by (-8)/4*((-702)/12 - -2)?
111
Suppose -u + 6*u - 1835 = 0. Suppose 5*c - 3*h + 57 = 343, -h = -5*c + 302. Calculate the remainder when u is divided by c.
57
Suppose 0 = w + 3*w + 40. What is the remainder when (-164)/w - (-2)/(-5) is divided by 16/16 + -2 - (1 + -8)?
4
Let s be (2 - 3)/(-3*8/48). What is the remainder when 8 - -75 - -2*5/s is divided by 10?
8
Let p(l) = 46*l - 158. Let d be p(14). Suppose 0 = -58*n + 64*n - d. What is the remainder when n is divided by 28?
25
Suppose -z + 122 = z. Calculate the remainder when 173 + 16/((-160)/(-70)) is divided by z.
58
Suppose h - 134 = -94. Let z(x) = 3*x**2 - x - 7. What is the remainder when z(-5) is divided by 585/h - 6/(-16)?
13
What is the remainder when (6702/84)/((-7)/(-98)) is divided by 59?
55
Suppose -2*r + 70*r = -51*r + 249662. Calculate the remainder when r is divided by 140.
138
Let a(q) = -3*q**3 - 4*q**2 + 2*q - 16. What is the remainder when 93 is divided by a(-3)?
1
Let y be ((-690)/21)/(-1) + 3/21. Suppose -3*o + 6*o + 9 = 3*k, 5*o = -3*k + y. Suppose k*v - 5*v - 6 = 0. Calculate the remainder when 27 is divided by v.
3
Suppose 3*o = 4*c + 153, -255 = -8*o + 3*o - c. Let g(u) = -6*u - 106. Let p be g(-23). Let n = o - p. Calculate the remainder when 54 is divided by n.
16
Suppose 0*b - 210 = -3*b. Suppose b = 2*a + p, -5*a - 3*p + 165 = 2*p. Calculate the remainder when a is divided by 29.
8
Calculate the remainder when (-1 + -13 - (36 + -42))*19*-1 is divided by 121.
31
Let t(j) = -23*j**3 + 8*j**3 + 8*j**3 - 5*j - 10. What is the remainder when 223 is divided by t(-2)?
55
Let q = -13099 + 13132. What is the remainder when 82 is divided by q?
16
Suppose -19*a = 33 + 5. What is the remainder when 13 is divided by 2*(-6)/(a - 12/6)?
1
Let t(l) = 10*l - 198. Suppose 2*z - 175 = -5*o, -4*z - 2*o + 365 = 3*o. Calculate the remainder when z is divided by t(22).
7
Let h(l) = 19*l**2 + 11. Calculate the remainder when h(-2) is divided by 65.
22
Let q = 26 + -19. Let y(n) = -n**2 + 10*n - 13. Calculate the remainder when y(7) is divided by (1/(-2))/(q/(-84)).
2
Let b(m) = 2*m**2 + 52*m - 86. Calculate the remainder when b(-28) is divided by 5.
1
Let g(w) = -5*w + 29*w - 10*w - 78. What is the remainder when 53 is divided by g(6)?
5
Suppose 0 = 22*q - 173*q + 412532. Calculate the remainder when q is divided by 76.
72
Let k = 137 - 203. What is the remainder when 43 is divided by 714/36 + (-11)/k?
3
Let r(b) = 3*b**3 + b**2 + 4*b + 23. Let i be r(0). Suppose 0 = 3*q + 4*n - 19, 4*q + 7*n = 4*n + i. Calculate the remainder when 41 is divided by q.
1
Let v(t) be the third derivative of -t**6/120 - 7*t**5/60 - t**4/4 - 8*t**3/3 - 14*t**2. What is the remainder when 154 is divided by v(-7)?
24
Let c(p) = 0 + 5 - 8*p - 13 + 1. Let y be c(11). Let f = 101 + y. Calculate the remainder when f is divided by 2.
0
Let c = -11141 + 11178. What is the remainder when 4685 is divided by c?
23
Let g = 15 + -11. Suppose g*z = 77 + 99. Let t = -4914 - -4931. What is the remainder when z is divided by t?
10
Suppose -15*m + 19*m - 43797 = -15*g, 0 = -4*g + 5*m + 11661. Calculate the remainder when g is divided by 1458.
3
Let h(q) = 95*q**2 + 56*q + 143. What is the remainder when h(-3) is divided by 33?
5
Let u = -13978 - -18947. What is the remainder when u is divided by 35?
34
Suppose 2*p - 6*p + 324 = 4*g, -2*p = 6. Let b = 86 - g. Suppose b*l = 8*l - 108. Calculate the remainder when 89 is divided by l.
17
Let o(x) = -13*x + 92. Suppose 0 = -0*b - 2*b - 3*i + 5, -5*i - 1 = 2*b. Suppose 5*q + 36 = b*q. What is the remainder when o(3) is divided by q?
17
Let y = -51 - -74. Let g(p) = p**2 - 11*p + 23. Suppose v + 3*d + 35 = 3*v, 10 = 2*v + 2*d. What is the remainder when y is divided by g(v)?
10
Let w be 360/7 + (-56)/(-98). Let t = w - -54. Suppose -4*c - 2*x = -t, -x + 5*x = 2*c - 68. What is the remainder when 53 is divided by c?
25
Let q = 2091 + -2039. Calculate the remainder when 4938 is divided by q.
50
Suppose 344 = -110*o + 114*o. Let c = o - 79. What is the remainder when 136 is divided by ((7 - 0) + -12)*-1*c?
31
Suppose 0 = 187*p - 189*p - 5*x + 5832, 4*x - 5830 = -2*p. What is the remainder when p is divided by 208?
207
Let q(n) = -59*n - 308. What is the remainder when q(-7) is divided by 43?
19
Let v(w) be the second derivative of -w**5/20 + 5*w**4/12 + w**3/3 - 9*w. Let t = -105 - -109. Calculate the remainder when v(t) is divided by 13.
11
Let s = -21 - -33. Suppose -5*j - 4*o + 762 = -16033, 0 = o + 5. Calculate the remainder when j/(-95)*5/(-3) is divided by s.
11
Calculate the remainder when 25025/15 + -6 + (-80)/(-12) is divided by 30.
19
Let f(a) = -86*a - 173. Let o(q) = 42*q + 86. Let u(b) = 2*f(b) + 5*o(b). What is the remainder when 58 is divided by u(-2)?
2
Let o(q) = -5*q**2 + 6*q + 1. Let v be o(5). Suppose -2*g + 53 + 233 = 0. Let u = g + v. Calculate the remainder when u is divided by 10.
9
Let v(b) = -b - 23. Let x be v(-23). Suppose 4*h - 612 = 5*t, h - 2*t - 156 = -x*h. Calculate the remainder when h is divided by 25.
23
Suppose -4*v = -50 - 154. Let g = 20 + -16. What is the remainder when v is divided by 1/(((-16)/(-52))/g)?
12
Let z = 1618 + -1596. What is the remainder when 1161 is divided by z?
17
Suppose -132 = 15*b - 48*b. Suppose 7*c - 114 = b*c. What is the remainder when 108 is divided by c?
32
What is the remainder when 3666 is divided by (31/2)/(-31) + (174/4)/3?
12
Suppose 4*h + 24 = 0, w - 302 = -3*h - 28. Calculate the remainder when w is divided by 83.
43